{"type":"video","version":"1.0","provider_name":"Network.hu","provider_url":"http:\/\/network.hu\/","title":"ELT\u0170NT! szkalicai Iveta Da\u0148helov\u00e1","author_name":"ottlakantivadar","author_url":"http:\/\/network.hu\/ottlakantivadar","html":"&lt;object width=&quot;424&quot; height=&quot;345&quot;&gt;&lt;param name=&quot;movie&quot; value=&quot;http:\/\/eltuntkereso.network.hu\/flash\/videoplayer\/video.swf?videoid=466032&amp;amp;pvol=40&amp;amp;plang=hu&amp;amp;host=http:\/\/eltuntkereso.network.hu&quot; \/&gt;&lt;param name=&quot;allowscriptaccess&quot; value=&quot;always&quot; \/&gt;&lt;param name=&quot;allowfullscreen&quot; value=&quot;true&quot; \/&gt;&lt;embed src=&quot;http:\/\/eltuntkereso.network.hu\/flash\/videoplayer\/video.swf?videoid=466032&amp;amp;pvol=40&amp;amp;plang=hu&amp;amp;host=http:\/\/eltuntkereso.network.hu&quot; width=&quot;424&quot; height=&quot;345&quot; allowscriptaccess=&quot;always&quot; allowfullscreen=&quot;true&quot; \/&gt;&lt;\/object&gt;","width":424,"height":345,"description":"A rend\u0151rs\u00e9g a lakoss\u00e1g seg\u00edts\u00e9g\u00e9t k\u00e9ri, hogy megtal\u00e1lja azt a 14 \u00e9ves l\u00e1nyt, aki m\u00e9g j\u00falius 11-\u00e9n t\u0171nt el, az\u00f3ta nem adott h\u00edrt mag\u00e1r\u00f3l. a szkalicai Iveta Da\u0148helov\u00e1 az eml\u00edtett napon este f\u00e9l t\u00edzkor ment el otthonr\u00f3l.\r\n\r\nA teltkarcs\u00fa l\u00e1ny szeme barna, fekete v\u00e1llig \u00e9r\u0151 haja van. A rend\u0151rs\u00e9g t\u00e1j\u00e9koztat\u00e1sa szerint a kor\u00e1n\u00e1l \u00e9rettebben viselkedik. Az elt\u0171n\u00e9s napj\u00e1n barna-r\u00f3zsasz\u00edn cs\u00edkos p\u00f3l\u00f3, vil\u00e1gosk\u00e9k farmer, h\u00e1rom k\u00e9k r\u00f3zs\u00e1val d\u00edsz\u00edtett k\u00e9k szand\u00e1l volt rajta. A bal karj\u00e1n kark\u00f6t\u0151, a nyak\u00e1n egy I bet\u0171t \u00e1br\u00e1zol\u00f3 \u00e9rm\u00e9vel d\u00edsz\u00edtett l\u00e1ny volt.\r\nA rend\u0151rs\u00e9g arra k\u00e9ri a lakoss\u00e1got, hogy aki b\u00e1rmit tud a k\u00e9pen l\u00e1that\u00f3 l\u00e1nnyal kapcsolatban, az azonnal jelezze azt a rend\u0151rs\u00e9gen, vagy a 158-as telefonsz\u00e1mon.\r\n","thumbnail_url":"http:\/\/vds.network.hu\/clubvideo\/4\/6\/6\/_\/466032_34379_2.jpg","thumbnail_width":80,"thumbnail_height":60,"video_id":"466032"}

ELTŰNT! szkalicai Iveta Daňhelová

A rendőrség a lakosság segítségét kéri, hogy megtalálja azt a 14 éves lányt, aki még július 11-én tűnt el, azóta nem adott hírt magáról. a szkalicai Iveta Daňhelová az említett napon este fél tízkor ment el otthonról.

A teltkarcsú lány szeme barna, fekete vállig érő haja van. A rendőrség tájékoztatása szerint a koránál érettebben viselkedik. Az eltűnés napján barna-rózsaszín csíkos póló, világoskék farmer, három kék rózsával díszített kék szandál volt rajta. A bal karján karkötő, a nyakán egy I betűt ábrázoló érmével díszített lány volt.
A rendőrség arra kéri a lakosságot, hogy aki bármit tud a képen látható lánnyal kapcsolatban, az azonnal jelezze azt a rendőrségen, vagy a 158-as telefonszámon.
